Let b be a(-2). Let l = 116 + b. Let u be -2 + (-24)/l - (-2)/6. Determine o(u).
-3
Let m(d) = -d**3 + 5*d**2 + 6*d - 1. Let f be m(5). Suppose 28*o + 4 = f*o. Let p(y) = y - 5. Give p(o).
-1
Let j(r) = -4*r**2 - 98*r + 12. Let g(w) = 7*w**2 + 163*w - 22. Let c(t) = 3*g(t) + 5*j(t). Let n = 1 + -1. Determine c(n).
-6
Suppose 3*z = -z - 16. Let m = 3303 + 486. Let k(g) = 0 + m*g - 5 - 3798*g. What is k(z)?
31
Let m(d) be the third derivative of -d**5/20 + d**4/8 + d**3/6 - 869*d**2. Give m(-3).
-35
Let z(t) be the first derivative of 1/2*t**2 - 5*t - 5/3*t**3 - 8. Let b(w) be the first derivative of z(w). Determine b(-2).
21
Let j = 102 + -95. Let k(x) = 6 - x**2 - 9 - 5*x - j. Calculate k(-4).
-6
Let g(q) = q**3 - q**2 - 2. Suppose -4*f + 11 = -4*o - 33, -o = -2*f + 10. Let z be (10/3)/(o/(-18)). Suppose -19 = -3*a - z*j, 4 + 0 = 2*a - j. Calculate g(a).
16
Let t = 128 - 124. Suppose 0 = i - 5*y - 22, t*i + 5*y + 33 = -4. Let o(c) be the second derivative of c**3/3 + 3*c**2/2 + c. Give o(i).
-3
Let x(v) = -v**2 - 10*v + 1. Suppose 0 = -t + 5*g + 40, -27*t - 5*g = -24*t - 180. Suppose 0 = -2*s + 5*a - 45, s - t = 6*s - a. Calculate x(s).
1
Let r(k) be the first derivative of k**4/4 - 4*k**3/3 - 5*k**2/2 - k - 1. Let a be (33/308*189 - 19)/(1/4). Give r(a).
-1
Suppose 0 = j + 5*r - 14, j + 111*r = 107*r + 12. Let z(k) = k**3 - k**2 - 9*k + 4. What is z(j)?
16
Suppose 0 = 115*v - 124*v + 45. Let r(d) be the third derivative of 1/24*d**4 - 1/20*d**v + 0*d + 5*d**2 - 1/6*d**3 + 0 + 1/120*d**6. Give r(2).
-3
Let j(b) be the first derivative of -b**3/3 + 7*b**2 + 53*b + 405. What is j(17)?
2
Let c(b) = 2*b**2 + b - 1. Let r(u) = -10*u - 11. Let d = -52 - -50. Let p be r(d). Suppose 3*t = 5*k - 2, p = k + 4*k + 4*t. Determine c(k).
2
Let l(q) be the second derivative of -q**4/12 + q**3 - q**2 + q. Suppose 10*r = -b + 5*r + 316, 948 = 3*b + 2*r. Let v = 322 - b. Calculate l(v).
-2
Let i(m) = -70*m - 271. Let w be i(-4). Let n(d) = -d + 20. Calculate n(w).
11
Let d = 93 + -156. Let i = d + 66. Let t(g) = 2*g**3 + 4 - g - 2*g**3 + 8*g**3 + 3*g**2 - 9*g**3. What is t(i)?
1
Let l(c) = 2*c**2 - 9*c - 10. Let k be (-6)/(-1 + 30/36). Suppose k = 4*h - 2*b, 5*h + 15 = 6*h - 2*b. Give l(h).
25
Let z(r) = 2*r - 1. Suppose 887*h - 884*h = 2*n + 11, -h = 4*n + 57. Give z(n).
-27
Let i(x) = 14*x + 163. Let c(y) = -22*y - 252. Let p(m) = -5*c(m) - 7*i(m). Determine p(-11).
-13
Let b(n) be the first derivative of -n**4/4 + 22*n**3/3 - 11*n**2 + 14*n + 16. Let l = 3 - -18. Let u be b(l). Let m(t) = -2*t - 8. What is m(u)?
6
Let c = -495 + 916. Let x = -418 + c. Let q(h) = h**2 - 2*h + 3. Give q(x).
6
Let t(c) = c. Let o(u) = u**3 + 11*u**2 + 9*u + 1. Let z(g) = -o(g) - 2*t(g). Let p(q) = 13*q**2 + 167*q + 500. Let h be p(-5). Calculate z(h).
9
Let q(t) = 2*t + 12079*t**2 + 3*t - 2*t**3 - 1 - 12077*t**2 + t**3. Determine q(5).
-51
Let z(b) = b + 5. Let q(w) = -w**3 - 6*w**2 + 2*w + 6. Let k be q(-6). Let a(d) = -2*d - 12. Let m(g) = k*a(g) - 14*z(g). Suppose -3*x = -3 - 9. What is m(x)?
-6
Let v = 2 + -2. Let c(w) = 6*w + v - w + 3. Let f = -2532 - -2530. Calculate c(f).
-7
Let q(u) = u**3 - 9*u**2 - 13*u + 36. Suppose -3*t - 713 = -719, 2*z - 16 = 2*t. Calculate q(z).
6
Let x(o) be the third derivative of -o**6/120 - o**5/15 + 7*o**4/24 + o**3 - o**2. Suppose 114*m - 48*m + 16698 = 0. Let b = -258 - m. Determine x(b).
-4
Let q(t) = 6*t - 4*t + 2*t + 3*t - 44 + 55. What is q(-2)?
-3
Let b(y) = y**2 - y - 6. Let l(x) = 3*x + 1. Suppose 0 = 3*t + k + 3*k - 13, -2*t + 6 = 2*k. Let s(u) = t*l(u) + b(u). Calculate s(5).
-2
Suppose -j = -256 - 21. Let l(m) = -j + 0*m + m + 277. What is l(3)?
3
Let s(h) = -h**3 + 2*h**2 - 3*h - 1. Suppose -3*w + 2 = 5*i - 29, -3*i + 4*w = -7. Suppose -4*m = 4*f - 20, -3*f - 2 + i = -3*m. Give s(f).
-19
Let o be -3 + ((-72)/4)/(-3). Let u(p) = -12*p - 9*p + 23*p - o*p + 7. What is u(0)?
7
Let r(n) = n**2 - n + 2. Suppose -24*b + 5 = -19*b. Let c(k) = -2*k**2 - 9. Let z(a) = b*c(a) + 3*r(a). Give z(4).
1
Let a(q) = -9*q + 75. Let u(x) = -19*x + 1528. Let i be u(80). Determine a(i).
3
Let l(q) be the second derivative of -2*q**3/3 + q**2/2 + 46*q. Let p(v) = 23*v - 17. Let i(r) = -6*l(r) - p(r). Give i(-7).
4
Let o(f) = 43*f**2 - 859*f - 22. Let z be o(20). Let v(r) = -r**3 - r**2 - 8*r - 6. Let k(d) = 4*d + 3. Let p(j) = 7*k(j) + 4*v(j). What is p(z)?
21
Let c(t) = 13*t**3 - 85*t**2 - 34*t - 50. Let a(g) = 11*g**3 - 68*g**2 - 35*g - 49. Let d(u) = 6*a(u) - 5*c(u). What is d(-19)?
-6
Let v = 8238 + -8257. Let a(f) = f**2 + 17*f - 34. What is a(v)?
4
Let r(s) = 4 - 6 - s + 2*s. Let k(l) = -93*l - 91. Let c be k(-1). Calculate r(c).
0
Let m(q) = -q**2 + 6*q. Suppose 11*z = 12*z - 36. Let c = -8 - 10. Let t be (-4)/c - (-208)/z. Give m(t).
0
Let z(r) = 846 - 5*r**2 + 28*r - 1641 + 6*r**2 - 10*r + 834. Determine z(-16).
7
Let p(l) = -l**2 + 33*l - 179. Suppose n + r - 25 - 1 = 0, n = 2*r + 23. Determine p(n).
21
Let d = -175 + 177. Suppose -d*f - x + 12 = -0*f, 5 = -f + 5*x. Let z(u) = 2*u**2 - 9*u - 11. Calculate z(f).
-6
Suppose -3*j - 36 = -8*j - u, -22 = -3*j - u. Let z(v) = -3*v. Let y(r) = -14*r - 2. Let d(b) = y(b) - 5*z(b). Determine d(j).
5
Let r be 65*1*4/10*1. Suppose 0 = 2*d - 3*a - 59, -2*d = -a + 3*a - 44. Let x(m) = 8 - r*m + d*m + 1. Give x(12).
-3
Suppose -35*k = -34*k - 6. Let h(a) = -21 + k*a + 16*a - 29*a + 6*a. Give h(-7).
-14
Let x(k) = -k + 2. Let b(q) = q - 4. Let j(v) = -4*b(v) - 7*x(v). Suppose -1558 + 1534 = -6*y. Determine j(y).
14
Let k(r) be the first derivative of -5/2*r**2 - r - 5/3*r**3 - 1/4*r**4 - 302. Calculate k(-4).
3
Let a(m) = -2*m + 25. Let d be (27/21)/((-60)/(-560)). Determine a(d).
1
Let q(m) = 69*m + 2. Let b(n) = -34*n - 1. Let o(k) = -7*b(k) - 3*q(k). Suppose 30 = -5*w, 483*t = 485*t + 3*w + 16. What is o(t)?
32
Let p be (-30)/4*(-142)/710. Let x(c) be the second derivative of p*c**3 - 2*c**2 + 0 - 1/12*c**4 - 16*c. What is x(7)?
10
Let r(p) = p**3 + 4*p**2 - 4. Let m = -374 + 385. Suppose 30 = -m*g - 3. Determine r(g).
5
Let d(t) = t - 2. Let v be d(6). Let u(m) = v - 2*m**2 - 4 - m + 9*m**3. Suppose -54*o = -2*g - 50*o + 34, -o + 7 = -16*g. Give u(g).
-10
Suppose 2*t = 2 + 2. Let s(y) = t*y + 4*y**3 + 8*y - 18 - 3*y**3 + 11*y**2 - 2*y. Let o be s(-10). Let z(w) = -5*w**2 + 2*w - 2. Determine z(o).
-18
Let v(k) = k**3 - 7*k**2 + 10*k - 1. Let a be v(5). Let w(d) = 1. Let y(g) = -6*g + 42. Let p(i) = -126*w(i) + 3*y(i). Determine p(a).
18
Let l(s) = 144*s**2 + 67*s + 3. Let m(p) = 144*p**2 + 45*p + 2. Let z(w) = 2*l(w) - 3*m(w). Give z(-1).
-143
Let t(x) = x**3 - 5*x**2 + x - 4. Let a be (-15630)/(-330) - 47 - (-29)/11. What is t(a)?
-19
Let k(p) = 5*p - 106. Suppose 5*i - 141 + 35 = -3*d, -3*i + 70 = 5*d. Calculate k(i).
-6
Let w(c) = -c**2 + 3*c + 10. Let b(p) be the second derivative of -p**3/6 + 10*p**2 + p. Let r be 1*141/11 + (-6)/(-33). Let d be b(r). Calculate w(d).
-18
Let y(j) be the second derivative of j**3/2 - j**2 - 384*j + 2. Let h be 0/(-1) - (0 - -7). Calculate y(h).
-23
Let u(f) = 1 - 3 + f - 7 + 7 - 1. Let c(k) = -k**3 - 5*k**2 - 3*k - 3. Let t be c(-4). Give u(t).
-10
Let p(z) = z**2 + 23*z - 53. Suppose 3*v - 2*j = -87, 94*v = 93*v + 4*j - 49. Calculate p(v).
-3
Let v(t) = -t**3 + 22*t**2 + t - 13. Suppose 0 = -2*s + 3*o + 35, -383*o + 381*o - 60 = -3*s. Give v(s).
9
Suppose -202*m + 203*m = -3*d + 20, -2*d + 5*m + 53 = 0. Let s(q) be the first derivative of -2 + 1/2*q**2 + d*q. What is s(-7)?
2
Suppose -222 = 84*x + 765 - 63. Let n(i) = 3*i + 41. Determine n(x).
8
Suppose -70*r = -62*r - 400. Let g(x) = 32 - 10*x + 20 - r. Calculate g(-2).
22
Let a(c) = 5*c**3 + 7*c**2 + 9*c + 2. Let k(t) = 3*t**3 + 4*t**2 + 5*t + 1. Suppose 40 = -50*o + 40*o. Let y(b) = o*a(b) + 7*k(b). Give y(-1).
-1
Let v(i) = -i**2 + 6*i + 1. Suppose -24 = 4*s - s. Let r = 3443 + -3452. Let u be (30/r)/(s/12). Calculate v(u).
6
Suppose -m + 66 + 7 = -5*x, -3*m - 47 = 4*x. Let t(j) = j + 17. Let h be t(x). Let c(i) = -5*i**2 + i**h + i**2 - 22 + 2*i + 13 + 11. Give c(3).
-1
Let n(c) = -c**3 - 7*c**2 - 7*c + 4. Let z be 12/(-66) - 3122/11. Let f = z + 278. Determine n(f).
10
Let d(j) = -3*j - 66 - 2*j - 19 - 11*j + 9*j. Calculate d(-19).
48
Let m = 55 + -53. Let n be (-12)/(-4) + -5 + 2. Let b(r) = n - r - 4